 the greatest common factor of 437 and 1804468?
19
What is the greatest common divisor of 3801 and 5187?
21
Calculate the greatest common divisor of 3276301 and 371.
371
What is the greatest common divisor of 372 and 4548?
12
Calculate the greatest common divisor of 9962 and 27542.
586
Calculate the greatest common divisor of 101220 and 1932.
84
What is the greatest common factor of 2192 and 6302?
274
Calculate the greatest common factor of 16414 and 1131.
29
Calculate the highest common factor of 12 and 24789.
3
What is the greatest common factor of 26 and 2265887?
13
What is the highest common factor of 712222 and 14?
14
What is the greatest common divisor of 7079037 and 42?
21
What is the highest common divisor of 153312 and 96?
96
Calculate the highest common divisor of 470776 and 5976.
664
What is the highest common divisor of 12349 and 424?
53
Calculate the highest common divisor of 350 and 118825.
175
What is the highest common factor of 42968 and 984?
328
Calculate the greatest common factor of 1555965 and 18.
9
What is the greatest common factor of 126101 and 235?
47
Calculate the greatest common divisor of 4417 and 1180601.
631
What is the highest common divisor of 3215 and 655?
5
What is the greatest common divisor of 372465 and 270?
135
Calculate the highest common divisor of 9 and 1356903.
9
Calculate the greatest common factor of 125 and 42400.
25
Calculate the highest common divisor of 44544 and 2262.
174
Calculate the greatest common factor of 19 and 18506.
19
What is the greatest common factor of 124516 and 28?
28
Calculate the highest common factor of 52 and 429.
13
What is the highest common factor of 1869 and 89089?
623
What is the highest common divisor of 11382 and 98?
14
What is the highest common divisor of 54 and 11691?
27
Calculate the highest common divisor of 252 and 11452.
28
What is the greatest common factor of 10878 and 6142?
74
Calculate the highest common divisor of 432 and 6394356.
108
Calculate the greatest common factor of 68 and 221204.
68
What is the greatest common divisor of 8321 and 314?
157
What is the highest common divisor of 3476 and 242?
22
What is the highest common divisor of 110095 and 1940?
485
Calculate the highest common factor of 348 and 73254.
174
Calculate the highest common factor of 3360 and 45.
15
Calculate the highest common factor of 53983 and 1665.
37
Calculate the greatest common divisor of 17262 and 3562.
274
Calculate the highest common divisor of 21 and 14527527.
21
Calculate the greatest common divisor of 42 and 129738.
42
Calculate the highest common factor of 518665 and 58.
29
Calculate the highest common divisor of 14950 and 6175.
325
Calculate the highest common divisor of 2232 and 536796.
1116
Calculate the greatest common factor of 296508 and 876.
12
Calculate the greatest common factor of 67563 and 9.
9
What is the greatest common divisor of 615312 and 64?
16
Calculate the greatest common divisor of 848 and 32896.
16
What is the greatest common divisor of 5 and 111745?
5
What is the greatest common divisor of 45720 and 1080?
360
What is the greatest common factor of 34384 and 70?
14
Calculate the greatest common divisor of 89 and 3699.
1
Calculate the highest common factor of 32 and 155632.
16
What is the highest common divisor of 112 and 12332?
4
Calculate the greatest common divisor of 357 and 71995.
119
What is the greatest common divisor of 755630 and 779?
779
What is the highest common divisor of 266 and 720461?
133
What is the greatest common factor of 725 and 29?
29
What is the greatest common divisor of 264 and 281622?
66
Calculate the greatest common factor of 620 and 3224.
124
What is the highest common factor of 107757 and 6318?
351
Calculate the greatest common factor of 663 and 118651.
13
What is the highest common divisor of 77224 and 392?
392
What is the highest common divisor of 41913 and 9?
9
Calculate the highest common factor of 17 and 4181439.
17
Calculate the highest common factor of 4420 and 5661.
17
What is the highest common divisor of 537083 and 762?
127
What is the greatest common divisor of 33 and 772354?
11
What is the greatest common divisor of 38 and 6631?
19
What is the greatest common factor of 177086 and 1729?
91
What is the greatest common factor of 49182 and 12?
6
What is the greatest common divisor of 14034 and 6?
6
What is the greatest common divisor of 284907 and 147?
21
Calculate the greatest common factor of 277244 and 1188.
44
Calculate the greatest common divisor of 293578 and 916.
458
What is the greatest common factor of 1400 and 281720?
40
Calculate the greatest common divisor of 9480 and 18.
6
Calculate the highest common divisor of 659285 and 55.
55
Calculate the greatest common divisor of 1862 and 608.
38
What is the greatest common divisor of 180 and 5382?
18
Calculate the greatest common factor of 92 and 20234756.
92
Calculate the highest common divisor of 131 and 8384.
131
What is the greatest common divisor of 590 and 2198045?
295
What is the highest common factor of 30897 and 1161?
9
Calculate the highest common factor of 19935 and 30.
15
Calculate the greatest common factor of 212935 and 4625.
185
Calculate the greatest common divisor of 185339 and 957.
319
Calculate the highest common factor of 450443 and 2529.
281
Calculate the greatest common divisor of 1633 and 51759.
71
Calculate the highest common factor of 28192 and 264.
8
What is the greatest common factor of 17910 and 810?
90
What is the highest common factor of 135850 and 4750?
950
Calculate the greatest common divisor of 40198 and 11343.
199
Calculate the greatest common divisor of 15389 and 176.
11
What is the greatest common factor of 168 and 4962?
6
What is the highest common divisor of 22274 and 26936?
518
Calculate the highest common factor of 1590 and 12.
6
Calculate the greatest common factor of 4264 and 260.
52
What is the highest common factor of 44 and 1195282?
22
Calculate the highest common divisor of 9 and 87852.
3
What is the greatest common factor of 1280 and 2920?
40
What is the greatest common divisor of 1074 and 1009202?
358
Calculate the highest common factor of 500 and 46575.
25
Calculate the highest common divisor of 55034 and 112.
14
Calculate the greatest common divisor of 93408 and 1428.
84
What is the greatest common factor of 14828517 and 101?
101
Calculate the greatest common factor of 2418540 and 699.
699
Calculate the highest common divisor of 4 and 3259132.
4
What is the greatest common divisor of 665 and 4865?
35
What is the highest common factor of 1271 and 205?
41
Calculate the highest common factor of 46058 and 4.
2
What is the greatest common factor of 511 and 174105?
73
What is the greatest common factor of 159427 and 262?
131
Calculate the greatest common divisor of 205 and 21935.
205
Calculate the highest common factor of 7 and 86199.
1
What is the greatest common divisor of 394 and 2177638?
394
What is the greatest common factor of 315 and 5964?
21
What is the greatest common divisor of 26 and 31448?
2
Calculate the highest common divisor of 311793 and 258.
129
Calculate the greatest common factor of 10026 and 10332.
18
What is the highest common factor of 46892 and 57?
19
What is the greatest common divisor of 1703 and 393?
131
What is the highest common divisor of 21 and 44807?
7
Calculate the highest common factor of 59395 and 1365.
35
Calculate the highest common factor of 636 and 70068.
12
What is the highest common factor of 7252 and 490?
98
Calculate the greatest common divisor of 8715 and 3360.
105
What is the greatest common divisor of 280674 and 54?
18
Calculate the greatest common divisor of 1394 and 3094.
34
Calculate the greatest common factor of 25895 and 10.
5
Calculate the greatest common factor of 175564 and 4.
4
Calculate the greatest common divisor of 2723900 and 100.
100
What is the greatest common factor of 519104 and 224?
32
Calculate the highest common factor of 720038 and 368.
46
What is the greatest common factor of 33936 and 987?
21
What is the greatest common factor of 1742810 and 10?
10
Calculate the highest common divisor of 846 and 2304.
18
What is the highest common factor of 205 and 481627?
41
Calculate the highest common factor of 46 and 2675567.
23
Calculate the highest common fac